divided by 2006.
1
Calculate the remainder when 129068 is divided by 8603.
23
What is the remainder when 42598 is divided by 142?
140
What is the remainder when 57534 is divided by 27?
24
What is the remainder when 4317 is divided by 289?
271
What is the remainder when 11329 is divided by 5572?
185
What is the remainder when 16722 is divided by 95?
2
Calculate the remainder when 18204 is divided by 2585.
109
Calculate the remainder when 4168 is divided by 680.
88
What is the remainder when 20112 is divided by 9527?
1058
What is the remainder when 7258 is divided by 363?
361
What is the remainder when 604 is divided by 51?
43
What is the remainder when 6689 is divided by 57?
20
Calculate the remainder when 21573 is divided by 87.
84
Calculate the remainder when 9755 is divided by 1239.
1082
Calculate the remainder when 520 is divided by 477.
43
Calculate the remainder when 4769087 is divided by 421.
420
Calculate the remainder when 210863 is divided by 45.
38
Calculate the remainder when 3695 is divided by 1223.
26
Calculate the remainder when 14506 is divided by 7223.
60
Calculate the remainder when 13166 is divided by 4387.
5
Calculate the remainder when 55681 is divided by 69.
67
What is the remainder when 1018352 is divided by 118?
12
Calculate the remainder when 97296 is divided by 57.
54
Calculate the remainder when 49343 is divided by 18.
5
What is the remainder when 723 is divided by 586?
137
Calculate the remainder when 119986 is divided by 141.
136
Calculate the remainder when 129115 is divided by 3688.
35
Calculate the remainder when 131294 is divided by 173.
160
Calculate the remainder when 4412 is divided by 495.
452
What is the remainder when 1948 is divided by 269?
65
Calculate the remainder when 43354 is divided by 33.
25
What is the remainder when 3185 is divided by 129?
89
What is the remainder when 39426 is divided by 1098?
996
Calculate the remainder when 25796 is divided by 645.
641
Calculate the remainder when 7192 is divided by 38.
10
Calculate the remainder when 3606 is divided by 95.
91
What is the remainder when 4481 is divided by 837?
296
What is the remainder when 1051864 is divided by 906?
904
Calculate the remainder when 15124 is divided by 210.
4
Calculate the remainder when 15355 is divided by 11.
10
What is the remainder when 8404 is divided by 1397?
22
Calculate the remainder when 17230 is divided by 134.
78
Calculate the remainder when 1699 is divided by 413.
47
Calculate the remainder when 289 is divided by 171.
118
What is the remainder when 2900 is divided by 709?
64
What is the remainder when 207 is divided by 182?
25
What is the remainder when 6378 is divided by 124?
54
What is the remainder when 35973 is divided by 2561?
119
What is the remainder when 226491 is divided by 269?
262
Calculate the remainder when 377257 is divided by 272.
265
Calculate the remainder when 4747 is divided by 25.
22
What is the remainder when 1010 is divided by 74?
48
Calculate the remainder when 3506129 is divided by 139.
132
Calculate the remainder when 6109 is divided by 1517.
41
Calculate the remainder when 2138 is divided by 1658.
480
Calculate the remainder when 29909 is divided by 5.
4
What is the remainder when 54553 is divided by 63?
58
What is the remainder when 4758 is divided by 482?
420
What is the remainder when 56222 is divided by 11243?
7
What is the remainder when 746 is divided by 135?
71
What is the remainder when 819108 is divided by 30337?
9
Calculate the remainder when 125940 is divided by 125932.
8
Calculate the remainder when 80029 is divided by 26671.
16
What is the remainder when 718 is divided by 427?
291
Calculate the remainder when 2301 is divided by 1136.
29
What is the remainder when 616 is divided by 587?
29
What is the remainder when 10996 is divided by 1565?
41
What is the remainder when 2251 is divided by 313?
60
Calculate the remainder when 386071 is divided by 31.
28
What is the remainder when 45225 is divided by 22608?
9
What is the remainder when 69349 is divided by 3302?
7
Calculate the remainder when 26972 is divided by 444.
332
Calculate the remainder when 6166 is divided by 191.
54
Calculate the remainder when 256628 is divided by 1188.
20
Calculate the remainder when 11359 is divided by 746.
169
What is the remainder when 179028 is divided by 29834?
24
What is the remainder when 83438 is divided by 673?
659
What is the remainder when 838 is divided by 189?
82
Calculate the remainder when 22906 is divided by 1903.
70
What is the remainder when 68121 is divided by 54?
27
What is the remainder when 2347 is divided by 87?
85
What is the remainder when 2835 is divided by 212?
79
Calculate the remainder when 1015 is divided by 587.
428
What is the remainder when 11487 is divided by 182?
21
What is the remainder when 34003 is divided by 1043?
627
What is the remainder when 8145 is divided by 198?
27
Calculate the remainder when 145246 is divided by 24204.
22
Calculate the remainder when 51809 is divided by 10358.
19
What is the remainder when 28797 is divided by 384?
381
What is the remainder when 85205 is divided by 6086?
1
What is the remainder when 11416 is divided by 141?
136
What is the remainder when 371838 is divided by 52?
38
What is the remainder when 10465 is divided by 1506?
1429
What is the remainder when 31363 is divided by 437?
336
Calculate the remainder when 936099 is divided by 1265.
1264
What is the remainder when 6992 is divided by 200?
192
What is the remainder when 26320 is divided by 95?
5
Calculate the remainder when 5473878 is divided by 487.
485
Calculate the remainder when 3798 is divided by 181.
178
What is the remainder when 32474 is divided by 4058?
10
What is the remainder when 127414 is divided by 13?
1
Calculate the remainder when 3514 is divided by 21.
7
Calculate the remainder when 6631 is divided by 367.
25
What is the remainder when 1200 is divided by 233?
35
Calculate the remainder when 5524 is divided by 1756.
256
What is the remainder when 94069 is divided by 7?
3
What is the remainder when 35512 is divided by 1546?
1500
Calculate the remainder when 31169 is divided by 189.
173
Calculate the remainder when 80397 is divided by 24.
21
Calculate the remainder when 19289 is divided by 965.
954
What is the remainder when 6934 is divided by 154?
4
Calculate the remainder when 471 is divided by 75.
21
What is the remainder when 40537 is divided by 13497?
46
What is the remainder when 3639 is divided by 3614?
25
Calculate the remainder when 27740 is divided by 8.
4
Calculate the remainder when 11945 is divided by 1326.
11
What is the remainder when 3400 is divided by 187?
34
Calculate the remainder when 5119 is divided by 1663.
130
What is the remainder when 2099459 is divided by 330?
329
Calculate the remainder when 290638 is divided by 519.
517
What is the remainder when 3511374 is divided by 17?
7
Calculate the remainder when 38930 is divided by 21.
17
What is the remainder when 1029614 is divided by 243?
23
What is the remainder when 25026 is divided by 7?
1
Calculate the remainder when 96003 is divided by 33.
6
Calculate the remainder when 35442 is divided by 37.
33
Calculate the remainder when 14493 is divided by 344.
45
What is the remainder when 15321 is divided by 163?
162
Calculate the remainder when 1156884 is divided by 1574.
1568
Calculate the remainder when 22159 is divided by 1473.
64
Calculate the remainder when 1884 is divided by 378.
372
Calculate the remainder when 19245 is divided by 209.
17
Calculate the remainder when 4514 is divided by 2117.
280
Calculate the remainder when 42377 is divided by 44.
5
What is the remainder when 54455 is divided by 957?
863
Calculate the remainder when 44689 is divided by 629.
30
What is the remainder when 2014 is divided by 1994?
20
What is the remainder when 1717541 is divided by 1127?
1120
Calculate the remainder when 743 is divided by 701.
42
Calculate the remainder when 4607 is divided by 201.
185
Calculate the remainder when 15948 is divided by 126.
72
What is the remainder when 23373 is divided by 293?
226
Calculate the remainder when 194498 is divided by 146.
26
Calculate the remainder when 745 is divided by 593.
152
Calculate the remainder when 871727 is divided by 11.
10
Calculate the remainde